q**2 - 8 + q. Give n(3).
-5
Let v = -81 - -80. Let i(g) = 6*g**2 - g - 5. Let m(c) = -7*c**2 + c + 6. Let z(w) = 6*i(w) + 5*m(w). Calculate z(v).
2
Suppose -4 = -2*l + 14. Let s = l - 10. Let a(g) = 6*g**2 + g. What is a(s)?
5
Suppose 5*w - 6 = 2*w. Let g(p) = -5*p + 1 + 0*p + w*p. Give g(-1).
4
Let g(h) = h**3 - 9*h**2 + 2. Let k be g(9). Let x(o) be the second derivative of -1/2*o**k + 0 - 5/3*o**3 - 3*o. Calculate x(-1).
9
Let m(p) = p**2 - p. Let q be 5/(-30) + (-50)/(-12). Give m(q).
12
Let i = -16 - -18. Let l(n) = 2*n**3 - 3*n**2 + 2*n - 2. What is l(i)?
6
Suppose -5*t - 38 = -13. Let g(k) = 2*k + 5. Calculate g(t).
-5
Let l(q) = -q**3 - 6*q**2 - 4*q + 3. Let h(f) = 4*f**2 + f + 1. Let m be h(-2). Let t be 228/m - (-2)/(-10). Suppose -4*n = -n + t. Calculate l(n).
-2
Let k = 13 - 10. Let b(r) be the second derivative of -1/2*r**2 + r + 0 - 3/2*r**k. Give b(-1).
8
Let p be 3/(-1)*16/(-12). Let m(h) be the third derivative of -1/24*h**4 + 0*h + 1/6*h**3 + 5*h**2 + 0. Determine m(p).
-3
Suppose -3*n + 3*d - 18 = 0, -4*n + 5*d = 14 + 10. Let b(g) = g**2 + 7*g + 3. Determine b(n).
-3
Let i(q) = -3 - q**2 + q - 4*q**3 + 3*q**3 + 2. Suppose 0 = -3*k + 3*d - 3, -1 + 12 = 5*k - d. Let s be k - (1 + -2) - 3. Give i(s).
-2
Let i(k) = -k**3 - 5*k - 246 + 0*k + 7*k**2 + 249. Determine i(6).
9
Suppose t = 3*t + 4*c + 12, -2*t + 2*c - 12 = 0. Let d = 6 + t. Let j = 3 - d. Let f(q) = -2*q + 2. Give f(j).
-4
Let y(k) = -k**2 + k - 8. Let h = -5 + 5. Suppose -4*x - c = 0, h = 2*x - 8*c + 4*c. What is y(x)?
-8
Let j(y) = -y**2 + 5*y - 4. Let p(q) = -q**2 - q + 1. Let n(b) = -j(b) - 4*p(b). Let m = 8 + -7. Let d be ((-3)/9*-3)/m. Determine n(d).
4
Let r = 7 + -4. Suppose r*a + 12 = 0, -6*a = -n - 4*a + 3. Let q(p) = p**3 + 4*p**2 - 7*p - 6. Calculate q(n).
4
Let n(s) = -2*s**3 - s. Let j be (9/(-3))/((-2)/6). Suppose -j = 5*a - 34. Suppose -a*o - 30 = 5*r, -o - 3*r = -2*o + 14. What is n(o)?
3
Let f(x) = x**2 - x. Let o(q) = -3*q**2 + 7*q - 2. Let p(g) = -2*f(g) - o(g). Let b(h) = -h**2 + 9*h + 4. Let z be 15/2*(-30)/(-25). Let i be b(z). Give p(i).
-2
Suppose -2*g = -4*n + 22, -16 = -n + 2*g - 6. Let x = -1 + n. Let b(d) = -d**2 + 3*d + 4. What is b(x)?
4
Let i be 2/(-2)*0 + -4. Let y(j) be the third derivative of 0 + 3*j**2 + 1/24*j**4 + 0*j + 1/3*j**3. Determine y(i).
-2
Let l(h) = 3 - 610*h**2 + 611*h**2 - 2. Give l(0).
1
Let y = 21 - 13. Let h be 24/y + -5 + 1. Let f(a) = -5*a. Determine f(h).
5
Let v(l) = -7*l + 2 + 9*l + 2 - 3*l. What is v(4)?
0
Let v(s) be the first derivative of 2 - 6*s**3 + 4*s**3 - s - 1. Let i(a) = 2*a**2 - 8*a - 1. Let u be i(4). Calculate v(u).
-7
Suppose 0 = 3*a - 0 + 6. Let b be (2/((-4)/a))/1. Let n(o) = 2*o - 1. Calculate n(b).
1
Suppose 4*y + 4 = 12. Let s(g) = g - 4 - 4 + 7. Determine s(y).
1
Suppose k - 2 = 0, -3*s + 0*k = 5*k - 16. Let d = s - 8. Let a(z) = -2*z - 6. Give a(d).
6
Let b(h) = h**3 + 2*h**2 + 6*h + 5. Let g = -8 - -4. Let y(t) = 2*t**3 + 5*t**2 + 12*t + 10. Let m(l) = g*y(l) + 7*b(l). Give m(-5).
0
Let f(u) = -1 + 0*u - 2 - 2*u + 0*u. Give f(-5).
7
Suppose 5*z = -0*z. Let t(k) = 1 + 0*k - k - 4 + z*k. Give t(-5).
2
Suppose -5*j + 8 = -3*j - 4*q, j + 5*q = -10. Suppose x = -j*x. Suppose -3*n + 12 = d, 3*n - 2*n - 4*d - 4 = x. Let z(r) = -2*r**2 + 7*r - 5. What is z(n)?
-9
Let n(v) be the first derivative of -v**3/3 - 7*v**2/2 - 6*v - 65. What is n(-7)?
-6
Let d(w) be the second derivative of -3*w**4/4 + w**3/6 - 11*w. Give d(1).
-8
Let a(h) be the second derivative of h**4/12 + h**3/6 + h. Suppose 3*v = l - 12, 0*v - 8 = -3*l + 2*v. Let t = 0 + l. What is a(t)?
0
Let w(h) = -h - 1. Let v(t) = -t - 1. Let k = -4 - 3. Let r(j) = k*v(j) + 5*w(j). Suppose 0 = z + 5*q - 5, -2*q - 27 = 5*z - 3*q. Calculate r(z).
-8
Let h(o) = -7*o**3 - 2*o + 1. Let d be (-5)/15 + 8/6. What is h(d)?
-8
Let m = -2 - -4. Let f be ((-24)/28)/(m/14). Let i(j) = j**2 + 8*j + 9. Calculate i(f).
-3
Suppose -2*t + 0*t = 3*q + 6, q - 4*t = 12. Let u(w) = -2*w + 1 + 6 + 5*w - w**2 + q*w**2. What is u(5)?
-3
Let d(b) = -b**2 - b + 1. Suppose 58 - 73 = 5*t. What is d(t)?
-5
Let i(m) = 8*m**2 - 5*m + 5. Let n = -9 - -3. Let l(f) = -7*f**2 + 4*f - 4. Let w(v) = n*i(v) - 7*l(v). Give w(-2).
-2
Let l(k) = 4*k**3 - 2*k**2 - 1. Let i(r) = -r**3 + r. Let q(f) = 5*i(f) + l(f). Give q(-4).
11
Let u be (-3)/1 + -1 + -2. Let w(t) = 2*t + 4. Give w(u).
-8
Suppose -2*w + 2 = -2*i, -3*i - 2*i + 4*w = 10. Let y(n) = -8 - 2 + 1 - n + 3. Determine y(i).
0
Suppose 4*a + 3*s - 19 = -0*a, -20 = -5*a - 3*s. Let f(p) be the first derivative of 7*p**3/3 - p**2/2 + 2. Determine f(a).
6
Let c = -1 + 6. Let f(u) = u**3 + u**2 + 1 + 4*u**2 + c*u + 0*u**2 - 11*u**2. What is f(4)?
-11
Let d(p) be the first derivative of -p**6/120 - p**5/60 - p**4/12 - p**3/3 - 4*p**2 - 5. Let c(q) be the second derivative of d(q). Give c(-2).
6
Let b(x) = x + 12. Let l(o) = -o - 12. Let s(z) = 2*b(z) + 3*l(z). What is s(-6)?
-6
Let a(q) = 17 - q**3 - 35 + 20 + 0*q**3. Give a(2).
-6
Suppose -2*x - 4*l + 13 + 3 = 0, 5*l - 19 = -2*x. Suppose 2 + x = 2*f. Let i(m) = -3*m - 23 + 22 + 4*m - 2*m**2 - f*m. Give i(-2).
-7
Let d(r) = 5*r + r - 5*r - 1. Suppose 4*f - 2 = 2. Calculate d(f).
0
Let h(m) = -3 + 2*m - 7*m**2 + 2*m**3 + 0*m + 5*m**2. Suppose -6 + 12 = 3*u. What is h(u)?
9
Let b(p) = 4 + p - 5*p + 3*p. Let g(v) = -2*v**2 - 12*v + 10. Let s be g(-7). Determine b(s).
8
Suppose 4*f + 7 = l - 4*l, -2*f + 2*l = 14. Let w(d) = -d + 2. Determine w(f).
6
Let j(h) = -2*h**3 - 2*h**2 - 2*h. Let n be 4/22 - 93/(-33). Suppose -2*k + n*a = -5, -a = 3*k - 2*a + 3. Calculate j(k).
12
Let s(y) = -6*y**2 + 6*y - 4. Let u(w) = -7*w**2 + 7*w - 5. Let v(a) = 6*s(a) - 5*u(a). Suppose -g - g = 0. Calculate v(g).
1
Let y(z) = 4 - z - 6 + 0 + 1. Determine y(-6).
5
Let s be (0 + -4)/(-2) + 5 + -3. Let j(u) = u**3 - 5*u**2 + 5*u. Determine j(s).
4
Let s = 8 - 12. Let w(a) = -a + 3. Calculate w(s).
7
Let c(t) = -t + 1. Let b(q) = 1. Let j(n) = -n + 5. Let o(z) = 3*b(z) - j(z). Suppose 0 = 3*l - 5 + 11. Let h(v) = l*c(v) - 3*o(v). Give h(0).
4
Let l be 1 + -1 + (-34)/2. Let w(b) = -5*b**2 - 5*b - 6. Let g(k) = 15*k**2 + 14*k + 17. Let m(p) = l*w(p) - 6*g(p). Determine m(-1).
-6
Let x(i) = 0*i - 2*i - 3 - 2*i. Let a(m) = 2*m**2 - 3*m + 2. Let f be a(2). Suppose 0*t + f = -2*t. Calculate x(t).
5
Let r(t) = -3*t - 4. Let d = 18 + -13. Suppose -14 = d*z + 1. What is r(z)?
5
Let b(y) = 2*y - 6*y + 1 + 2*y. Give b(3).
-5
Let t(y) = -y**2 + y. Let v = -10 + 11. Let u be ((1 - 2) + 1)/v. What is t(u)?
0
Suppose 0 = -84*v + 86*v - 6. Let m(p) = 4*p - 2. Give m(v).
10
Let l(g) = -5*g**2 - g + 10. Let u(p) = -4*p**2 - 2*p + 9. Let b be ((-4)/6)/(4/(-30)). Let h(s) = b*l(s) - 6*u(s). Give h(6).
2
Suppose 3*h + 4*k - 4 = 0, 2*k + 2 = k. Let b = -13 + 18. Let r(s) = 4 + s**3 - 5*s**2 - 5 - b + 7*s. Determine r(h).
6
Suppose 4*c - 17 = -65. Let j = c + 8. Let n(y) = -y**3 - 3*y**2 + 6*y + 5. Give n(j).
-3
Let g(y) = y - 5. Suppose 4*z = 5*z + 4*i + 4, -3*i = -2*z + 25. Give g(z).
3
Let w(y) be the second derivative of y**4/12 - 3*y**3/2 - 2*y**2 + 3*y. Let x(n) = -2*n**2 + 17*n + 7. Let q(r) = -5*w(r) - 3*x(r). Give q(5).
-6
Let r(m) = m**2 - 7*m + 4. Let z = -24 + 29. Determine r(z).
-6
Suppose 4*x = 3*p - p + 6, 4*p + 19 = x. Let w(s) be the first derivative of s**3/3 + 2*s**2 - 5*s - 2. What is w(p)?
0
Let n be (-1 - 2 - -4)*2. Let h(w) be the first derivative of n - 4*w + 1/2*w**2. Determine h(0).
-4
Suppose 2*j - 5*f + 1 = -2*j, -2*j + 3*f - 3 = 0. Let y = 10 - j. Let m(h) = -h**3 + 3*h**2 + 3*h + 1. Give m(y).
-3
Suppose 3*q - 5*y - 13 = 0, -5*q - 6*y = -3*y + 1. Let n(j) = j - 1. Give n(q).
0
Let k(n) = -2*n - 1. Let w(l) = l**3 - 10*l**2 + 10*l - 6. Let z be w(9). Suppose -2*p = z*p + 4*h, -5*h = -p. Let c = p + 2. What is k(c)?
-5
Let y(q) = q**3 + 6*q**2 - 2*q - 8. Let v be 14/((-4)/2) + 1. Let j be y(v). Let r(d) = d**2 - 3*d - 3. Give r(j).
1
Let o(n) = -3*n**2 + 2*n + 2. Let w(x) = -2*x**2 + x + 2. Let u(t) = 4*o(t) - 5*w(t). Determine u(2).
-4
Let g be (0 - -3)/((-1)/2). Let l(q) = -q**2 - 9*q - 6. What is l(g)?
12
Suppose 0 = -4*y + 16, g = 4*g + 3*y - 36. Let i(c) = -2*c - g + 0*c + 1. Give i(-5).
3
Suppose 3*a + 7 = -2. Let p be 12/a*(-2)/4. Let y(h) = -p*h + 0 - 4*h**2 - 4 + h**3 - 2*h**3 - h. What is y(-3